hat is -4 - 31?
-35
In base 15, what is -1ae - -8?
-1a6
In base 4, what is -323 - -12?
-311
In base 13, what is -9 + 4a?
41
In base 16, what is -2 + -ab?
-ad
In base 10, what is 2 - -187?
189
In base 10, what is -7 + 1645?
1638
In base 7, what is 0 + -41?
-41
In base 11, what is -1426 + 0?
-1426
In base 13, what is -18 + 4?
-14
In base 2, what is -110011 - -11000?
-11011
In base 5, what is 223 - 120?
103
In base 8, what is 225 + -3?
222
In base 2, what is 10 - -1011000?
1011010
In base 9, what is 166 + -14?
152
In base 9, what is 124 + 0?
124
In base 3, what is -102110 + -2?
-102112
In base 6, what is -1035 + 3?
-1032
In base 2, what is 101011001 - -1101?
101100110
In base 8, what is -714 - -7?
-705
In base 8, what is 1273 + -4?
1267
In base 4, what is -10101322 - -11?
-10101311
In base 6, what is 202 - -54?
300
In base 4, what is 11 + 132?
203
In base 16, what is -1c + -4b?
-67
In base 16, what is -4 + -53?
-57
In base 5, what is 20 + 104?
124
In base 12, what is 3188 - -5?
3191
In base 14, what is -8573 - 0?
-8573
In base 3, what is -22 + -220?
-1012
In base 7, what is 20 - -1?
21
In base 8, what is -16 + 453?
435
In base 10, what is 80 - -59?
139
In base 15, what is -1 - 15?
-16
In base 12, what is 4 + 2832?
2836
In base 3, what is -11 - 2211?
-2222
In base 15, what is 2b - 62?
-36
In base 9, what is -13 + 105?
82
In base 2, what is 11 + 101111?
110010
In base 5, what is 422 - 33?
334
In base 11, what is 4 - -95?
99
In base 10, what is -50 - 1?
-51
In base 9, what is 61 - -48?
120
In base 10, what is -671 + 0?
-671
In base 13, what is 8 + -1?
7
In base 7, what is -2503 + 22?
-2451
In base 11, what is 3 + 73a?
742
In base 2, what is 1 + -100101101110?
-100101101101
In base 16, what is 163 - 5?
15e
In base 12, what is -2 + -540?
-542
In base 8, what is -17 - -17?
0
In base 4, what is -2 + -1230?
-1232
In base 8, what is -5 + -4377?
-4404
In base 2, what is 10000011 + 101?
10001000
In base 14, what is 82 + -49?
37
In base 11, what is 1188 - -5?
1192
In base 7, what is -2352 - -2?
-2350
In base 14, what is -2 - cd?
-d1
In base 13, what is -5 - 162?
-167
In base 9, what is -452 + 0?
-452
In base 5, what is -433 - 203?
-1141
In base 3, what is -1 - -10?
2
In base 16, what is -b + -808?
-813
In base 13, what is -b + -7?
-15
In base 5, what is 2 + -14000?
-13443
In base 13, what is 23c - -2?
241
In base 6, what is 10 + -3?
3
In base 4, what is -3 + 201?
132
In base 9, what is -5 + -121?
-126
In base 11, what is -3 + -109?
-111
In base 10, what is 148 - 8?
140
In base 13, what is 6c - 46?
26
In base 3, what is -102020 - 2201?
-111221
In base 3, what is -1120210 + 11?
-1120122
In base 4, what is 210 + 13?
223
In base 6, what is 2 + 251?
253
In base 7, what is 2 + -5?
-3
In base 4, what is -100320 - 0?
-100320
In base 4, what is 102 - 1?
101
In base 16, what is 5 + -547?
-542
In base 12, what is 51 - -69?
ba
In base 12, what is -340 + -17?
-357
In base 8, what is 12 + 15?
27
In base 15, what is -2 + 193?
191
In base 10, what is -228 + 3?
-225
In base 3, what is -11122 + 2101?
-2021
In base 9, what is 24 - -5?
30
In base 6, what is 304 + -5?
255
In base 10, what is 237 - 8?
229
In base 14, what is 1 - -1a6?
1a7
In base 2, what is 1001011 - 100101?
100110
In base 8, what is 5 - 22?
-15
In base 16, what is -e3 + 2?
-e1
In base 15, what is 4b + 0?
4b
In base 12, what is -2 - -15?
13
In base 12, what is 1a8 + 18?
204
In base 2, what is -100000 - 110?
-100110
In base 11, what is -485 - 5?
-48a
In base 7, what is 614 - 232?
352
In base 7, what is 4 - 13146?
-13142
In base 5, what is -10 - -3000?
2440
In base 10, what is 2 + -160?
-158
In base 3, what is -110200 - 110?
-111010
In base 9, what is -3 + -828?
-832
In base 4, what is -13 - -10113?
10100
In base 10, what is 0 - -2612?
2612
In base 10, what is -4 - -2648?
2644
In base 16, what is -2a + -2?
-2c
In base 15, what is 11 - -2ea?
30b
In base 7, what is 20 - 2654?
-2634
In base 9, what is -531 + -3?
-534
In base 15, what is 6b - -1b?
87
In base 7, what is 13 - 3?
10
In base 10, what is 79 + -2?
77
In base 5, what is 1 - -410?
411
In base 12, what is b3 - 24?
8b
In base 11, what is 103 - 2?
101
In base 10, what is -112 + -6?
-118
In base 16, what is 1 + 99?
9a
In base 11, what is -89 - -27?
-62
In base 7, what is 216 + 264?
513
In base 14, what is 6 + -13a?
-134
In base 8, what is -15 + 31?
14
In base 8, what is 36 + 470?
526
In base 6, what is -305 + 0?
-305
In base 12, what is -2 + 123?
121
In base 7, what is -3614 + -3?
-3620
In base 3, what is 120 + 1121?
2011
In base 7, what is 1 - -403?
404
In base 15, what is a38 + -5?
a33
In base 2, what is -10 - 1000010100?
-1000010110
In base 6, what is 50035 - 2?
50033
In base 5, what is -3 - 134?
-142
In base 14, what is -4 + 2ab?
2a7
In base 10, what is 5 + 339?
344
In base 5, what is 4 + -14040?
-14031
In base 11, what is -2 - -1a4?
1a2
In base 2, what is 10011000100110 + 0?
10011000100110
In base 9, what is 2 + 5557?
5560
In base 13, what is 2737 - 3?
2734
In base 16, what is -7 + -105?
-10c
In base 10, what is -217 - -3?
-214
In base 13, what is 4 - -1c3?
1c7
In base 11, what is 40 - 6?
35
In base 5, what is -3302 + -3?
-3310
In base 11, what is -9 + 106?
a8
In base 11, what is 2 + -288?
-286
In base 8, what is -2 + 77?
75
In base 15, what is 7 + -a?
-3
In base 5, what is 10 + 4413?
4423
In base 6, what is 55 - 10?
45
In base 8, what is -1 - 625?
-626
In base 4, what is -20 + -2?
-22
In base 4, what is 31231 - 3?
31222
In base 14, what is 4 + -114b?
-1147
In base 7, what is -3 + 53?
50
In base 2, what is -100001111011 - -11?
-100001111000
In base 10, what is 17 + -14?
3
In base 6, what is -320 + -1?
-321
In base 15, what is e - -3?
12
In base 6, what is -344 + -3?
-351
In base 9, what is -4 + 4334?
4330
In base 13, what is -30 + 46?
16
In base 15, what is -3 + 4d?
4a
In base 16, what is 1 + -17d?
-17c
In base 11, what is 479 + 4?
482
In base 14, what is d + 0?
d
In base 15, what is c - 1?
b
In base 7, what is -102 + -406?
-511
In base 12, what is 9 - 52?
-45
In base 13, what is -67 - 1?
-68
In base 3, what is -20111 + 110?
-20001
In base 16, what is 0 - 75?
-75
In base 13, what is -3200 - -5?
-31c8
In base 6, what is 21 - -2515?
2540
In base 14, what is -1 - -468?
467
In base 4, what is 33 + 10122?
10221
In base 2, what is -101101 + -101110111?
-110100100
In base 9, what is 7 - -180?
187
In base 4, what is -23133 + 20?
-23113
In base 10, what is 76 - -16?
92
In base 2, what is -1011 + -110111111?
-111001010
In base 2, what is 101 - -1100010?
1100111
In base 9, what is -331 + 7?
-323
In base 9, what is -3 - -1526?
1523
In base 10, what is -17 + 921?
904
In base 9, what is 6 + 180?
186
In base 15, what is -4 + -83?
-87
In base 9, what is 4 + -162?
-157
In base 7, what is 101 + 4?
105
In base 2, what is 1100 + 11010?
100110
In base 5, what is 0 + 443?
443
In base 8, what is 3055 + 4?
3061
In base 9, what is -1502 + -4?
-1506
In base 16, what is -2 + 2f8?
2f6
In base 5, what is -132211 + 4?
-132202
In base 12, what is -392 - -3?
-38b
In base 8, what is -627 - 0?
-627
In base 13, what is 78 - 1?
77
In base 14, what is 22 - -d0?
112
In base 16, what is -184 - 0?
-184
In base 14, what is -10c + 0?
-10c
In base 5, what is -320 + -12?
-332
In base 7, what is 0 + -142?
-142
In base 11, what is -5 - 216?
-220
In base 14, what is 8 - 171?
-167
In base 15, what is -40 + 14?
-2b
In base 8, what is -3 - 314?
-317
In base 5, what is 24 + 214?
243
In base 8, what is -1 + 4750?
4747
In base 9, what is 22 - -140?
162
In base 12, what is 5 + -21a?
-215
In base 13, what is 1b + 74?
92
In base 6, what is 0 + -250?
-250
In base 12, what is -148 + -23?
-16b
In base 10, what is -382 + 84?
-298
In base 15, what is -3 - -6d?
6a
In base 16, what is 1f3 + 1f?
212
In base 13, what is -3 + 1b53?
1b50
In base 4, what is -23 + -23?
-112
In base 15, what is 2 - 373?
-371
In base 6, what is -122 + -1?
-123
In base 7, what is -2012 - 1?
-2013
In base 9, what is -16412 - 4?
-16416
In base 16, what is -2f4 - -b?
-2e9
In base 10, what is 4 + -376?
-372
In base 11, what is -462 - 2?
-464
In base 6, what is 4 - -10523?
10531
In base 6, what is 500 - -3?
503
In base 13, what is 4 + 52?
56
In base 4, what is -13201 + 2?
-13133
In base 10, what is -79 - 1?
-80
In base 11, what is -10 - 68?
-78
I